{"id":2395,"date":"2024-05-24T12:01:35","date_gmt":"2024-05-24T10:01:35","guid":{"rendered":"https:\/\/ezker-anitza.org\/event\/el-exodo-de-malaga-a-almeria-liburuaren-aurkezpena"},"modified":"2024-05-24T12:05:54","modified_gmt":"2024-05-24T10:05:54","slug":"el-exodo-de-malaga-a-almeria-liburuaren-aurkezpena","status":"publish","type":"tribe_events","link":"https:\/\/ezker-anitza.org\/eu\/event\/el-exodo-de-malaga-a-almeria-liburuaren-aurkezpena","title":{"rendered":"El \u00e9xodo de M\u00e1laga a Almer\u00eda liburuaren aurkezpena"},"content":{"rendered":"<p>FEC Euskadik (Ikasketa Kritikoen Fundazioa) &#8216;El \u00e9xodo de M\u00e1laga a Almer\u00eda&#8217; liburuaren aurkezpena antolatu du. Liburuaren egilea Mar\u00eda Jes\u00fas Orbegozo da. Donostiako San Telmo Museoan izango da, maiatzaren 28an, 19:00etan. Presentan: Mar\u00eda Jes\u00fas Orbegozo, Ana Garc\u00eda d&#8217;Atri (editorial El Mono Libre) y Miguel Usabiaga (FEC Euskadi).<\/p>\n<p><img loading=\"lazy\" decoding=\"async\" class=\"alignnone size-full wp-image-2392\" src=\"https:\/\/ezker-anitza.org\/wp-content\/uploads\/2024\/05\/photo_2024-05-24_11-43-50.jpg\" alt=\"\" width=\"905\" height=\"1280\" srcset=\"https:\/\/ezker-anitza.org\/wp-content\/uploads\/2024\/05\/photo_2024-05-24_11-43-50.jpg 905w, https:\/\/ezker-anitza.org\/wp-content\/uploads\/2024\/05\/photo_2024-05-24_11-43-50-212x300.jpg 212w, https:\/\/ezker-anitza.org\/wp-content\/uploads\/2024\/05\/photo_2024-05-24_11-43-50-724x1024.jpg 724w, https:\/\/ezker-anitza.org\/wp-content\/uploads\/2024\/05\/photo_2024-05-24_11-43-50-768x1086.jpg 768w\" sizes=\"auto, (max-width: 905px) 100vw, 905px\" \/><\/p>\n<p>&nbsp;<\/p>\n","protected":false},"excerpt":{"rendered":"<p>FEC Euskadik (Ikasketa Kritikoen Fundazioa) &#8216;El \u00e9xodo de M\u00e1laga a Almer\u00eda&#8217; liburuaren aurkezpena antolatu du. Liburuaren egilea Mar\u00eda Jes\u00fas Orbegozo da. Donostiako San Telmo Museoan izango da, maiatzaren 28an, 19:00etan. &hellip;<\/p>\n","protected":false},"author":1,"featured_media":0,"template":"","meta":{"_tribe_events_status":"","_tribe_events_status_reason":"","footnotes":""},"tags":[],"tribe_events_cat":[],"class_list":["post-2395","tribe_events","type-tribe_events","status-publish","hentry"],"_links":{"self":[{"href":"https:\/\/ezker-anitza.org\/eu\/wp-json\/wp\/v2\/tribe_events\/2395","targetHints":{"allow":["GET"]}}],"collection":[{"href":"https:\/\/ezker-anitza.org\/eu\/wp-json\/wp\/v2\/tribe_events"}],"about":[{"href":"https:\/\/ezker-anitza.org\/eu\/wp-json\/wp\/v2\/types\/tribe_events"}],"author":[{"embeddable":true,"href":"https:\/\/ezker-anitza.org\/eu\/wp-json\/wp\/v2\/users\/1"}],"version-history":[{"count":1,"href":"https:\/\/ezker-anitza.org\/eu\/wp-json\/wp\/v2\/tribe_events\/2395\/revisions"}],"predecessor-version":[{"id":2396,"href":"https:\/\/ezker-anitza.org\/eu\/wp-json\/wp\/v2\/tribe_events\/2395\/revisions\/2396"}],"wp:attachment":[{"href":"https:\/\/ezker-anitza.org\/eu\/wp-json\/wp\/v2\/media?parent=2395"}],"wp:term":[{"taxonomy":"post_tag","embeddable":true,"href":"https:\/\/ezker-anitza.org\/eu\/wp-json\/wp\/v2\/tags?post=2395"},{"taxonomy":"tribe_events_cat","embeddable":true,"href":"https:\/\/ezker-anitza.org\/eu\/wp-json\/wp\/v2\/tribe_events_cat?post=2395"}],"curies":[{"name":"wp","href":"https:\/\/api.w.org\/{rel}","templated":true}]}}

El éxodo de Málaga a Almería liburuaren aurkezpena

<p>FEC Euskadik (Ikasketa Kritikoen Fundazioa) &#8216;El éxodo de Málaga a Almería&#8217; liburuaren aurkezpena antolatu du. Liburuaren egilea María Jesús Orbegozo da. Donostiako San Telmo Museoan izango da, maiatzaren 28an, 19:00etan. Presentan: María Jesús Orbegozo, Ana García d&#8217;Atri (editorial El Mono Libre) y Miguel Usabiaga (FEC Euskadi).</p>
<p><img loading="lazy" decoding="async" class="alignnone size-full wp-image-2392" src="https://ezker-anitza.org/wp-content/uploads/2024/05/photo_2024-05-24_11-43-50.jpg" alt="" width="905" height="1280" srcset="https://ezker-anitza.org/wp-content/uploads/2024/05/photo_2024-05-24_11-43-50.jpg 905w, https://ezker-anitza.org/wp-content/uploads/2024/05/photo_2024-05-24_11-43-50-212x300.jpg 212w, https://ezker-anitza.org/wp-content/uploads/2024/05/photo_2024-05-24_11-43-50-724x1024.jpg 724w, https://ezker-anitza.org/wp-content/uploads/2024/05/photo_2024-05-24_11-43-50-768x1086.jpg 768w" sizes="auto, (max-width: 905px) 100vw, 905px" /></p>
<p>&nbsp;</p>

<p>FEC Euskadik (Ikasketa Kritikoen Fundazioa) &#8216;El éxodo de Málaga a Almería&#8217; liburuaren aurkezpena antolatu du. Liburuaren egilea María Jesús Orbegozo da. Donostiako San Telmo Museoan izango da, maiatzaren 28an, 19:00etan. &hellip;</p>
