{"id":2106,"date":"2024-03-04T14:01:27","date_gmt":"2024-03-04T13:01:27","guid":{"rendered":"https:\/\/ezker-anitza.org\/event\/sumar-ekitaldia-bilbon-yolanda-diazekin"},"modified":"2024-03-04T14:01:27","modified_gmt":"2024-03-04T13:01:27","slug":"sumar-ekitaldia-bilbon-yolanda-diazekin","status":"publish","type":"tribe_events","link":"https:\/\/ezker-anitza.org\/eu\/event\/sumar-ekitaldia-bilbon-yolanda-diazekin","title":{"rendered":"Sumar ekitaldia Bilbon Yolanda D\u00edazekin"},"content":{"rendered":"<p>Martxoaren 6an, asteazkena, 18:00etan, Bilboko Euskalduna Jauregian elkartuko gara politika feministei buruz hitz egiteko. Yolanda D\u00edaz, Alba Garc\u00eda, Aina Vidal, Elizabeth Duval, Rosa Mart\u00ednez, Mar\u00eda Eugenia R. Palop eta Lorena Vicioso Adri\u00e0 lankideak parte hartuko dute.<\/p>\n<p><img loading=\"lazy\" decoding=\"async\" class=\"alignnone size-full wp-image-2102\" src=\"https:\/\/ezker-anitza.org\/wp-content\/uploads\/2024\/03\/photo_2024-03-04_10-20-34.jpg\" alt=\"\" width=\"1024\" height=\"1280\" srcset=\"https:\/\/ezker-anitza.org\/wp-content\/uploads\/2024\/03\/photo_2024-03-04_10-20-34.jpg 1024w, https:\/\/ezker-anitza.org\/wp-content\/uploads\/2024\/03\/photo_2024-03-04_10-20-34-240x300.jpg 240w, https:\/\/ezker-anitza.org\/wp-content\/uploads\/2024\/03\/photo_2024-03-04_10-20-34-819x1024.jpg 819w, https:\/\/ezker-anitza.org\/wp-content\/uploads\/2024\/03\/photo_2024-03-04_10-20-34-768x960.jpg 768w\" sizes=\"auto, (max-width: 1024px) 100vw, 1024px\" \/><\/p>\n","protected":false},"excerpt":{"rendered":"<p>Martxoaren 6an, asteazkena, 18:00etan, Bilboko Euskalduna Jauregian elkartuko gara politika feministei buruz hitz egiteko. Yolanda D\u00edaz, Alba Garc\u00eda, Aina Vidal, Elizabeth Duval, Rosa Mart\u00ednez, Mar\u00eda Eugenia R. Palop eta Lorena &hellip;<\/p>\n","protected":false},"author":1,"featured_media":0,"template":"","meta":{"_tribe_events_status":"","_tribe_events_status_reason":"","footnotes":""},"tags":[],"tribe_events_cat":[],"class_list":["post-2106","tribe_events","type-tribe_events","status-publish","hentry"],"_links":{"self":[{"href":"https:\/\/ezker-anitza.org\/eu\/wp-json\/wp\/v2\/tribe_events\/2106","targetHints":{"allow":["GET"]}}],"collection":[{"href":"https:\/\/ezker-anitza.org\/eu\/wp-json\/wp\/v2\/tribe_events"}],"about":[{"href":"https:\/\/ezker-anitza.org\/eu\/wp-json\/wp\/v2\/types\/tribe_events"}],"author":[{"embeddable":true,"href":"https:\/\/ezker-anitza.org\/eu\/wp-json\/wp\/v2\/users\/1"}],"version-history":[{"count":0,"href":"https:\/\/ezker-anitza.org\/eu\/wp-json\/wp\/v2\/tribe_events\/2106\/revisions"}],"wp:attachment":[{"href":"https:\/\/ezker-anitza.org\/eu\/wp-json\/wp\/v2\/media?parent=2106"}],"wp:term":[{"taxonomy":"post_tag","embeddable":true,"href":"https:\/\/ezker-anitza.org\/eu\/wp-json\/wp\/v2\/tags?post=2106"},{"taxonomy":"tribe_events_cat","embeddable":true,"href":"https:\/\/ezker-anitza.org\/eu\/wp-json\/wp\/v2\/tribe_events_cat?post=2106"}],"curies":[{"name":"wp","href":"https:\/\/api.w.org\/{rel}","templated":true}]}}

Sumar ekitaldia Bilbon Yolanda Díazekin

<p>Martxoaren 6an, asteazkena, 18:00etan, Bilboko Euskalduna Jauregian elkartuko gara politika feministei buruz hitz egiteko. Yolanda Díaz, Alba García, Aina Vidal, Elizabeth Duval, Rosa Martínez, María Eugenia R. Palop eta Lorena Vicioso Adrià lankideak parte hartuko dute.</p>
<p><img loading="lazy" decoding="async" class="alignnone size-full wp-image-2102" src="https://ezker-anitza.org/wp-content/uploads/2024/03/photo_2024-03-04_10-20-34.jpg" alt="" width="1024" height="1280" srcset="https://ezker-anitza.org/wp-content/uploads/2024/03/photo_2024-03-04_10-20-34.jpg 1024w, https://ezker-anitza.org/wp-content/uploads/2024/03/photo_2024-03-04_10-20-34-240x300.jpg 240w, https://ezker-anitza.org/wp-content/uploads/2024/03/photo_2024-03-04_10-20-34-819x1024.jpg 819w, https://ezker-anitza.org/wp-content/uploads/2024/03/photo_2024-03-04_10-20-34-768x960.jpg 768w" sizes="auto, (max-width: 1024px) 100vw, 1024px" /></p>

<p>Martxoaren 6an, asteazkena, 18:00etan, Bilboko Euskalduna Jauregian elkartuko gara politika feministei buruz hitz egiteko. Yolanda Díaz, Alba García, Aina Vidal, Elizabeth Duval, Rosa Martínez, María Eugenia R. Palop eta Lorena &hellip;</p>
